s the thousands digit of b?
2
Let y = -124 + 118. Let i(n) = -2*n**2 - n + 19. Let p(g) = -4*g**2 - 3*g + 39. Let d(r) = -5*i(r) + 2*p(r). What is the units digit of d(y)?
1
What is the hundreds digit of 1*5435 + 2730/273?
4
What is the tens digit of (2769/234 + (-4)/3)*183060/63?
1
What is the tens digit of 53825/(-10)*(-51 + 83)*(-1)/10?
2
Suppose -5*v = -57 + 77. What is the thousands digit of 165/v*(-154)/21*4?
1
Suppose -967 + 36411 = 2*s - 5*u, 0 = -5*s - 5*u + 88540. What is the ten thousands digit of s?
1
Let u be (-4 - (-4)/(2/(-1)))/(-2). Suppose 15*b - u*b - 5724 = 0. What is the tens digit of b?
7
Let n = -24720 - -53260. What is the ten thousands digit of n?
2
Let l(o) = 23*o - 69. Let q be l(3). Suppose q = 6*c - 0*c - 1944. What is the tens digit of c?
2
Suppose 4*x + 5*g - 18534 = 17242, 26832 = 3*x + 2*g. What is the tens digit of x?
4
Suppose -6 = 9*r - 33. Suppose 16 = -r*m + 2*m - 4*b, b + 139 = -4*m. What is the units digit of -1*3*3/(m/112)?
8
Suppose 0 = -55*w + 646 + 399. Let f(z) = z - 1. Let g(c) = -4*c + 39. Let t(x) = 2*f(x) - g(x). What is the units digit of t(w)?
3
Let g = 5349 - 5252. Suppose -r + 45 = 4*r. Let q = g - r. What is the units digit of q?
8
Let z(a) = -a**3 + 5*a**2 + 10*a + 2. Suppose -2*l = 7 - 17. What is the tens digit of z(l)?
5
Suppose 19 = 4*s - 21. Suppose -3*m - s + 13 = 0. Let c(l) = 135*l. What is the tens digit of c(m)?
3
Let t = -39591 + 110097. What is the hundreds digit of t?
5
Suppose -69 = -2*p + 1. Suppose -p + 55 = 5*x. Suppose -3*r + x*n + 85 = 0, -6*r + 131 = -r + 4*n. What is the tens digit of r?
2
Let v(q) = -2*q + 10. Let o be v(3). Suppose o*c = 7*c - 96. Suppose -2*u = 2*u - c. What is the units digit of u?
8
Suppose -c + 3*c + 296 = 0. Suppose o + 3*l = 20 - 3, -44 = -2*o - 4*l. What is the hundreds digit of -12*2*c/o?
1
Suppose 49 = 4*b - 207. Let a = -62 + b. Suppose -a*d + 927 = 7*d. What is the hundreds digit of d?
1
Let o(a) = a**2 + 18*a - 38. Let f be o(-20). Suppose 0 = -f*r + 539 - 109. What is the units digit of r?
5
Let d(t) = 4*t - 58. Let g be d(12). What is the tens digit of (840/(15/(-3)))/(g/25)?
2
Suppose -3*x + i + 8751 = 0, -5*x + i + 8485 = -6102. What is the tens digit of x?
1
Suppose -77*n + 31712 = -69*n. What is the hundreds digit of n?
9
Let u(s) = 2310*s**2 - 29*s + 33. What is the thousands digit of u(2)?
9
Let r = -675 + 534. What is the units digit of -1*60/9*r?
0
Let c = 34 - 18. Suppose -c = -4*y, -3*y - 2*y = -5*r + 25. Let s(d) = -d**3 + 10*d**2 - 6*d + 10. What is the units digit of s(r)?
7
Suppose s = 4*z + 32713, 11*s - 15*s + 5*z = -130896. What is the units digit of s?
9
Let t = 4775 - 2286. What is the hundreds digit of t?
4
Let u = 24222 - 14082. What is the ten thousands digit of u?
1
Suppose -72*h = -85865 - 1046191. What is the tens digit of h?
2
What is the hundreds digit of (-1)/(((-2)/30)/((-89628)/(-165)))?
1
Let a = 8 + -5. Suppose 3*g - g = -6, 4*g + 12 = -3*h. Suppose h = -a*k + 11*k - 240. What is the units digit of k?
0
Let d(i) = -4*i + 266. Let u(x) = -x**2 - 7*x - 12. Let y be u(-3). Let f be d(y). Let p = -124 + f. What is the units digit of p?
2
Suppose -14*w = -743 - 5221. Let b = w + -355. What is the units digit of b?
1
Let h(d) = 205*d + 6819. What is the ten thousands digit of h(144)?
3
Suppose 805 = -4*r - 375. Let s = -93 - r. What is the hundreds digit of s?
2
Suppose 3*a - 7737 - 27056 = 13660. What is the hundreds digit of a?
1
Suppose 0 = 6*n - 242 - 1660. Let o = n + -168. Let d = 216 - o. What is the units digit of d?
7
Let o = -122 + 171. Suppose -16*n = -o + 1. What is the units digit of n?
3
Let q be (196/21)/(1/6*4). Let y = -10 + q. Suppose 0 = -5*d + 15, y*t - 2*t = -4*d + 88. What is the tens digit of t?
3
Let v(k) be the second derivative of -k**3/2 + 27*k**2/2 + 16*k. Let s be v(9). Suppose 5*h + 4*b + 75 - 274 = s, -2 = -2*b. What is the units digit of h?
9
Suppose -2*j = -4*q + 2 + 4, 5*j - 15 = -5*q. Let l(c) = -21*c - 7. Let n be l(-6). Suppose -5 - n = -q*b. What is the units digit of b?
2
Suppose -r + 3*b = -14, -4*r + 3*b = -r - 24. Suppose d = 2*d + 2*g - 415, -2140 = -r*d + 3*g. What is the units digit of d?
5
Let m(t) = -496*t + 1789. What is the tens digit of m(-14)?
3
Suppose -15966 - 30136 = -2*u. What is the hundreds digit of u?
0
Let o(c) = -87 - 6*c - 68 - 2*c + 16*c. What is the tens digit of o(35)?
2
Let d be (4/2)/((-8)/(-20)). Suppose 438 = -d*n - 1972. What is the units digit of n/(-7) + ((-10)/14)/(-5)?
9
Suppose 0 = -3*u - 554 + 566. What is the units digit of (u - 7)/(-1 - 144/(-147))?
7
Let m be 365 - (11 + -3)/(-8). Let l = 443 - m. What is the tens digit of l?
7
Suppose -5*z - 4 = 3*t - 3, 5*t - 5*z = 65. Suppose 5*n = -4*s - t + 1, -4*s - 9 = 3*n. What is the units digit of (198/15)/(n/5)?
6
Let f = 569 + -735. Let o = f + 370. What is the tens digit of o?
0
Let i(v) = -v**3 + 17*v**2 - 14*v - 19. Suppose y + 5*p - 32 = 0, 5*y + 3*p + 26 - 76 = 0. What is the hundreds digit of i(y)?
3
Let q(j) = -j**2 + 2*j - 8. Let o be q(7). Let x = o - -53. What is the units digit of 4*62/5 - (-4)/x?
0
Let q = 613 - 400. Let g = q - 149. What is the tens digit of g?
6
Suppose 34*i = 6*i - 33852. Let n = -627 - i. What is the tens digit of n?
8
Suppose 526886 = 116*u + 174826. What is the hundreds digit of u?
0
Let v(i) = -4059*i + 1946. What is the tens digit of v(-22)?
4
Suppose 0 = -99*l + 82*l - 136. Let i = 1 - 3. What is the units digit of i*(2044/l)/7?
3
Let v = -122 + 131. Suppose v*m + 1776 - 11226 = 0. What is the thousands digit of m?
1
Let f = -5608 + 5610. Let k(j) = -j**3 + 3*j**2 + j. Let p be k(5). What is the hundreds digit of 60/p*(-342)/(f/1)?
2
What is the tens digit of 1/(-4) - (2/(-10) + (-52602163)/1660)?
8
Suppose -9*a = -2 + 20. Let z = a + -4. What is the tens digit of (4/z)/(14/(-1575))?
7
Suppose -37111 - 12113 = -14*s. What is the thousands digit of s?
3
Let z be -13399 + -2 + (-3)/9*9. What is the units digit of 18/(-30) - z/15 - 3?
0
Let l(m) = m**3 + m**2 + m - 1. Let y(p) = -8*p**3 - 61*p**2 - p - 31. Let d(q) = -6*l(q) - y(q). What is the units digit of d(-27)?
1
Suppose 1 = -u + 3*l - 0, 5*u = -3*l + 49. What is the units digit of (-3 - 3)*(-148)/u?
1
What is the ten thousands digit of (1 + -19)/((-5717292)/(-158816) - 36)?
3
Let l = -2025 - -63453. What is the units digit of l?
8
Suppose 9*n - 11*n = -56. Let a = n + 196. What is the units digit of a?
4
What is the ten thousands digit of (95584/1856)/(-1 - (-219)/218)?
1
Suppose 2*k = -5*l + 901, 11*k - 451 = 10*k - 2*l. Let d = 2263 - k. What is the units digit of d?
0
Suppose -2627 - 7061 = -7*f. Suppose -f = 1013*m - 1017*m. What is the units digit of m?
6
Let s(o) = -13*o**2 - 4*o + 56. Let d be s(5). Let j = d - -550. What is the units digit of j?
1
Let s be (-8)/32 - (-26138)/8. Let v = -1925 + s. What is the hundreds digit of v?
3
What is the thousands digit of (524*2/12)/((-46)/(-1173))?
2
Let i = 24 + 28. Let u = i - 47. Suppose u*t - 8*t + 345 = 0. What is the hundreds digit of t?
1
Suppose -4*k - 8 = 0, 70 + 12 = 2*a - k. Let c = 41 - a. What is the tens digit of -1*(-77*c + 4)?
7
Let j be (-18)/8*-4*1. Suppose 0 = 3*d + j*d - 28416. Suppose -d = -7*v - 807. What is the units digit of v?
3
Let x(i) = -i**3 - 2*i**2 - 3*i - 2. Let v be x(-1). Suppose v = -4*m + 3*w - 100, 4*m - 5*m - w - 18 = 0. Let a = m - -79. What is the tens digit of a?
5
Let w(m) = 9*m - 30. Let v be w(3). Let y = v + 49. What is the tens digit of y?
4
Let v(m) = -19*m**2 + 9*m - 6. Let d be v(1). What is the tens digit of ((-3)/15 - -1)/(d/(-13800))?
9
Let c be 2/(6/1)*87. Let t = c - 5. What is the tens digit of t?
2
Suppose b = 4, 5*b + 2846 + 2531 = j. What is the tens digit of j?
9
Let r(o) = 894*o - 84. Let w be r(2). Suppose t = -5*m + 4290, 7*m - 5*m = 2*t + w. What is the tens digit of m?
5
Suppose -8*s = -3*l - 10*s + 4, 0 = -4*l - 4*s + 4. Suppose -16*n - l*y = -12*n - 1756, 5*y = 4*n - 1756. What is the hundreds digit of n?
4
What is the thousands digit of (13 + 8 + -10 + -12)*-2418?
2
Let v(b) be the first derivative of 10 + 100*b - 1/3*b**3 + 3*b**2. What is the units digit of v(0)?
0
Suppose 3*i - 17179 = 2*d, -96*d + 99*d = i - 5710. What is the thousands digit of i?
5
Suppose -29*f + 251688 = -1